2 - 9*y**2 + 6*y**2 + 6*y**2 + 4*y - 3. Calculate x(u).
1
Let z(d) = d**3 + 2*d**2 + 0*d**2 - 2 + 3*d + 3*d**2. Let j(u) = 3*u**3 - u**2 - u - 1. Let v be j(-1). Determine z(v).
2
Suppose -4 = -3*m - 19. Let j(k) be the third derivative of k**4/24 + k**3 + 2*k**2. Calculate j(m).
1
Let t(b) be the first derivative of -1/4*b**4 + 2*b - 5/2*b**2 + 5 + 5/3*b**3. Give t(4).
-2
Let k(j) = -j**2 + 6*j - 3. Let q be k(2). Suppose q = -3*p - 1. Let y(c) = -2*c + 1. Determine y(p).
5
Let u(l) = l**3 + 6*l**2 + 4*l + 2. Let b = 0 + 4. Let z be 4*b/((-16)/5). Determine u(z).
7
Let g(c) = -11*c**3 - 9*c**2 - 45. Let r(u) = 5*u**3 + 4*u**2 + 22. Let j(n) = -4*g(n) - 9*r(n). Give j(0).
-18
Let l = -55 + 55. Let i(d) = d**3 - d**2 + d - 9. What is i(l)?
-9
Let y(f) = f. Let p be y(-2). Let t(k) = 2*k**2 + 7*k + 2. Let n be (-10)/(-14) - 4/(-14). Let i(h) = h. Let x(r) = n*t(r) - 4*i(r). Determine x(p).
4
Let d(h) be the first derivative of -h**4/4 + 4*h**3/3 + h**2 - 17. What is d(5)?
-15
Let d(k) = -k**3 + 2*k**2 + 4*k - 4. Let x be d(3). Let r(q) = -11*q - 1. Determine r(x).
10
Let f(g) = 4*g**2 - 2*g + 1. Let b be (0 - 0)*(1 + 0). Suppose b*q - q = -1. Calculate f(q).
3
Let f(j) = j**3 - 5*j - 4. Let p(y) = -y**3 + y**2 + 6*y + 5. Let u(k) = 4*f(k) + 3*p(k). Determine u(-3).
5
Let g(p) = 2 + 31*p - 16*p - 18*p. Let c = -8 + 11. Determine g(c).
-7
Let z(c) = -c**3 + 6*c**2 - 4*c - 5. Let h = 5 - 3. Let l(j) = 4*j - 3. Let i be l(h). Give z(i).
0
Let u(p) = -p**2 + 5*p + 1. Let z(w) = -w**2 - 6*w - 1. Let t be z(-7). Let o = 14 + t. What is u(o)?
-5
Let d = -92 + 91. Let g(f) = 4*f**3 - 1. What is g(d)?
-5
Suppose 4*b + 208 - 172 = 0. Let h(d) = -d - 13. Determine h(b).
-4
Let b(w) be the second derivative of w**4/12 + 2*w**3/3 - 3*w**2 + 34*w. Determine b(-5).
-1
Let r(u) = u**3 + 4*u**2 - 6*u - 4. Let i be r(-5). Let g(b) = b**2 + 2*b**2 + 2*b**2 - 1 + b**2. Give g(i).
5
Let l = -6 - -7. Let x(g) = -g - 5*g + 3 - l - 3. What is x(-1)?
5
Suppose -i + 16 = 5*n - 4*i, 5*n - 19 = 2*i. Suppose 2 = -4*d + 38. Let o(p) = p - 4*p + d + 2*p. Give o(n).
4
Let p(n) = -12*n - 9. Let q(b) = b + 1. Let a(m) = -p(m) - 15*q(m). Let v = -2 + 3. Let r be v/(-2) - 35/10. Give a(r).
6
Let k(x) = x**3 - 4*x**2 + x + 4. Suppose 3*d = -z + 3*z + 15, 9 = -3*z. What is k(d)?
-2
Let h(a) = 6 - 5*a + 6*a - 5*a. What is h(4)?
-10
Let n(l) = -l**3 - 5*l**2 - 2*l - 2. Let s(u) = -2*u**3 - 6*u**2 - 2*u - 1. Let r(g) = -3*n(g) + 2*s(g). Calculate r(4).
-4
Let v(p) = -p**3 - 2*p**2 - 2*p - 2. Let n be v(-2). Let l(x) = -3*x**2 + n*x**2 + 0 + 1 - x. Let d(w) = -w**2 - 9*w + 136. Let g be d(8). What is l(g)?
1
Let s(n) be the first derivative of 0*n**2 + 3 + 1/3*n**3 + 2*n. Calculate s(0).
2
Suppose 0 = -2*n + 8 - 4. Let y be (n - -2)*(4 - 3). Suppose f + y*m = 16, -5*f - 3*m + 29 = -0*m. Let c(a) = a - 8. Calculate c(f).
-4
Let u(s) be the second derivative of 1/2*s**2 + 4*s - 1/10*s**5 + 0 + 0*s**3 + 0*s**4. Suppose 2*w + 18 = 2*b - 2*w, 0 = -b - 4*w - 21. What is u(b)?
3
Let m = -3 - -6. Let a(b) = b**3 - b**2 + 3*b - 5*b - 3 + m*b**2. Suppose -4*u = -u + 9. Calculate a(u).
-6
Let m be ((-48)/(-3))/(1 + 0). Suppose 5*c - m = 2*y + 9, 3*c - 5*y - 15 = 0. Let z(a) = -a**3 + 6*a**2 - 4*a + 4. Give z(c).
9
Let n = -13 + 13. Let s(j) = 2*j - 9. Let m be s(6). Let c(f) = 4*f - 2*f - m*f. Determine c(n).
0
Let s(p) = -p**2 - 2*p + 3. Let x(o) = 3*o + 35. Let j be x(-11). Determine s(j).
-5
Let k(t) be the third derivative of -t**6/8 - t**5/60 - t**4/12 - t**3/6 - 5*t**2. Give k(-1).
15
Let d(k) = 3*k**2 + 7*k - 3. Let c(a) = -4*a**2 - 8*a + 4. Let y(f) = 2*c(f) + 3*d(f). What is y(-6)?
5
Suppose 5*a + 9 = -11. Let b(g) = -g**3 - 4*g**2 + g + 3. Calculate b(a).
-1
Let j(c) = -c**3 - c**2 + c - 1. Let f(l) = -3*l**3 - 6*l**2 + 5*l - 6. Suppose 0 = -o + 6*o + 5. Let w(k) = o*f(k) + 2*j(k). What is w(-5)?
-6
Let i(p) = -p**3 + 6*p**2 - 5*p - 5. Suppose -4*k + 32 = 4*c, -34 = -3*k - 2*c - 13. Give i(k).
-5
Let i(f) = -f**2 + 2*f - 2. Let j(u) = -u**3 - 2*u**2 + 3*u + 3. Let w(h) = -h + 2. Let s be w(5). Let a be j(s). Determine i(a).
-5
Suppose 2*z = s - 3, -3*z = 3*s - 5*z + 3. Let t(b) = -4*b - 3. Give t(s).
9
Let l(x) be the second derivative of x**3/6 + 4*x**2 - 2*x. Suppose -2*d + d + 4 = 0. Let m(r) = r + 9. Let b(y) = d*m(y) - 3*l(y). What is b(-5)?
7
Let q(h) = -5*h - 5. Let c(b) = b + 1. Let t(a) = -3*c(a) - q(a). Let w be 3 - -1 - 2 - 7. Let s = w + 1. What is t(s)?
-6
Let a(j) = j + 8. Let i be (-40)/6 + (-4 - 22/(-6)). Determine a(i).
1
Let m(f) = -f + 4. Let t(u) = -u + 4. Let a(n) = -5*m(n) + 4*t(n). What is a(8)?
4
Let u be -2 - (-2 + -1 - -2). Let l = -1 + u. Let y(n) = -n**3. Calculate y(l).
8
Let g(x) = x**3 + 4*x**2 - 2*x. Let w(i) = -i**2 - 16*i - 19. Let b be w(-15). Calculate g(b).
8
Let s(n) = -2 + n**2 + 3 + 5 + 4*n. Suppose 0 = -9*v + 5*v + 64. Suppose -y - v = 3*y. Determine s(y).
6
Let t(q) = -2*q**2 - 3*q - 2. Let m be 18/(-10) - (-6)/(-30). Give t(m).
-4
Suppose 3 = -0*x + x. Let a(c) = -5*c + 5 - 9 + x. Determine a(-1).
4
Let k(r) be the first derivative of -r**6/360 - r**5/120 + r**4/12 + 7*r**3/3 - 2. Let a(t) be the third derivative of k(t). Calculate a(-2).
0
Let s(x) = -x**2 + 4*x + 1. Suppose 0 = -2*k - 6*k + 40. Give s(k).
-4
Let u(h) = -h**3 + 4*h**2 + h - 4. Let k be (0 - 1*9)*2/(-6). Determine u(k).
8
Let k(w) = -w**3 - 4*w**2 - 3*w - 1. Let y = -21 - -19. Determine k(y).
-3
Let v be 3*5/(75/(-10)). Let b(m) = -3*m**3 - 2*m**2 + m - 2. Determine b(v).
12
Suppose -j = 2*n - 0*j - 9, 2*n - 4*j - 24 = 0. Let x(q) = q**2 - 1 - 2*q**2 - 4*q - 3 + 2*q**2. Give x(n).
8
Let f(j) = -j**2 - j - 6. Let m be ((-2)/(-3))/((-6)/63). Let w(p) = -p - 5. Let h be w(m). Suppose -3*q + 4*r + 0*r + 8 = 0, 2*q - h*r = 4. What is f(q)?
-6
Let j(h) = -2*h - 2. Let d(y) = y**3 - y**2 - 5. Let i be d(0). Determine j(i).
8
Suppose -2*d = -3 - 1. Let m(r) = -d - 1 - r**2 - 5*r + 3*r + 5. Let s(n) = n**2 + 7*n + 2. Let q be s(-6). Calculate m(q).
-6
Let f(s) = -s + 14. Let z be f(9). Let t(l) be the second derivative of l**5/20 - l**4/3 - l**3 + 3*l**2 - 7*l. Give t(z).
1
Let l(f) be the third derivative of f**6/120 - f**5/60 - f**4/24 + 2*f**3/3 + f**2. Suppose -2*t + 2*w = 10, t = -5*w + 13 - 6. Let d be 0/7*1/t. What is l(d)?
4
Let l be 4/(-2) + 0 + 4. Let v(k) = 2*k + 1. Give v(l).
5
Suppose 0 = -v + 1 - 0. Let b be (-2)/(v*(-4)/6). Suppose 5*f + 0*f + 4*z - 9 = 0, 5*f - b*z = 37. Let s(i) = i. What is s(f)?
5
Suppose -4*l + 17 = 3*z - 0*z, -3*z - 5*l = -16. Suppose -2*c + z*c - 15 = 0. Let u(a) = 2*a**2 - 3*a - 1. Give u(c).
8
Suppose -3*t = -0*a - 4*a + 54, 5*t = 5*a - 90. Let v be (4/6)/((-4)/t). Let j(d) = -5*d + v*d - 4 - d**2 - 2*d. Calculate j(-4).
-4
Let o(u) = 1 - 4 - 2 + u. Give o(4).
-1
Let j be 2/4*0 - -2. Let i = j + -2. Let a(m) = m**2 - 5*m + 4*m + i*m. Determine a(0).
0
Let o(m) be the second derivative of -2*m**3 + 2*m. Determine o(1).
-12
Let i(t) = 13 + 9*t - 13. Let n(y) = -y + 5. Let b be n(6). Give i(b).
-9
Suppose -1 = 3*r + 2, 5 = 2*a + r. Let c(y) = y**3 - 3*y**2 - 2*y + 3. Calculate c(a).
-3
Let g(a) = -5*a + 3. Let i be ((-7)/(-21))/((-3)/27). What is g(i)?
18
Let y(i) be the first derivative of -i**2/2 - 7*i - 11. What is y(-5)?
-2
Let c(o) = o - 3. Let t be (-44)/(-7) + -2 - (-8)/(-28). Calculate c(t).
1
Let d(c) = -13*c - 14. Let t(w) = 6*w + 6. Let i(s) = 4*d(s) + 9*t(s). Calculate i(3).
4
Let z = -17 + 29. Suppose -3*q - q - 8 = -2*c, q = -3*c + z. Let k(l) be the third derivative of l**5/60 + l**4/24 + l**3 - 4*l**2. What is k(q)?
6
Let i(j) = j**2 + 2 + j**2 - j**2 + 2*j - 5*j. Let w(r) = -r**2 + r. Let t be (3/(6/4))/2. Let y(u) = t*i(u) + 2*w(u). What is y(-3)?
-4
Let x(z) = z**3 - 4*z**2 + 3*z - 1. Suppose -q - 2*q - 3*b = -12, 3*q - 3*b = 18. Let p be 0 - q/(-1) - 2. Calculate x(p).
-1
Let q be (-655)/10 + (-1)/2. Let g be q/15 + 8/20. Let v(h) = -6*h + 4 + h - 2*h**2 - 3. Determine v(g).
-11
Suppose 5*n = -2*u - 9, 5*u - 2*n = -3*n + 12. Let j(p) = -10*p + 0*p + u + 7*p. Give j(2).
-3
Let u(g) = -g**2 - 7*g - 6. Suppose 0 = -c - 5*w - 21, 0*c + 4*c = -w - 27. Give u(c).
0
Let n(p) = 1 - 21*p**2 + 22*p**2 + 12*p - 4*p. Determine n(-7).
-6
Let m(k) = 4*k - 5. Let l be m(3). Let r(n) = -n**2 + 6*n + 2. Determine r(l).
-5
Let g(b) be the first